*a**3 - 8*a**2 + 15*a - 14. List the prime factors of p(1).
5, 389
Let j(a) = 2*a**2 - 5*a + 1507. List the prime factors of j(-57).
2, 5, 829
Let f = -40839 - -59703. Suppose -t = 15*t - f. List the prime factors of t.
3, 131
Let x be (6 - 0/(-1)) + 4 + 3. Suppose -4*y + 76 = f, -x*f = -8*f - 3*y - 288. What are the prime factors of f?
2, 3, 5
Let t(s) = 8*s**2 - 18. Let k be t(-3). What are the prime factors of (4 - k/15) + (-10899)/(-15)?
727
Suppose -83*f + 1392994 = -247999. What are the prime factors of f?
17, 1163
Let p = 137 + -138. Let t be (-116)/p*(11 + -23). What are the prime factors of (-6)/30*1 + t/(-10)?
139
Let s(x) = 2*x**2 + 11*x + x - 27 + 8*x + 0. List the prime factors of s(-19).
3, 5, 7
What are the prime factors of 6 - (-986 - (15 - 5)/(-2))?
3, 7, 47
Let c = 311 + -306. Suppose 14*n - 324 = 12*n - c*t, -5*n + 831 = 2*t. What are the prime factors of n?
167
Let i = -887 + 1066. List the prime factors of (i - -1)*(-180)/(-75).
2, 3
Let k(y) = -4*y - 19 + 30 + 9. Let s be k(4). Suppose 2*q = 2*j - 48, s*j - q = 24 + 72. List the prime factors of j.
2, 3
Suppose 5*u - 57880 = -4*y + 45704, 77578 = 3*y - 10*u. What are the prime factors of y?
2, 7, 43
Let g = 77 + -80. What are the prime factors of (55/10 + -4)/(g/(-906))?
3, 151
Suppose 0 = p - 2*l - 1078, 4*p + 3*l = 5*p - 1076. Suppose 10*q = -202 + p. What are the prime factors of q?
2, 11
Suppose -4 = 4*c - z, c + z + 12 = 4*z. Suppose c*v = 6*v + 216. Let x = v - -87. List the prime factors of x.
3, 17
Suppose 1767 = -11*s - 5999. Let t = -328 - s. What are the prime factors of t?
2, 3, 7
Suppose -43 = -j - 4*l, j - 4*l = -0*j + 11. Let u be ((-735)/14)/(-21)*184/(-10). Let c = j - u. What are the prime factors of c?
73
Let x(p) = 3*p**2 - 7*p + 11. Let i be x(2). Suppose -i = -10*y + 11. Suppose 30 = -0*g + g + y*j, -j - 55 = -2*g. List the prime factors of g.
2, 7
Let t(l) = l**3 - 4*l**2 + 7*l - 4. Let w be t(2). Suppose -4 = w*h - 10. Suppose -2*q + 3*p + 179 = 0, h*p - 1 = -4. List the prime factors of q.
2, 11
Suppose 0 = -5*b + 5*f - 49 + 949, -5*b + 4*f = -898. Suppose -p - b = 3*s - 1070, -2*p + s = -1805. What are the prime factors of p?
17, 53
Suppose 37*z + 195898 = 78*z. List the prime factors of z.
2, 2389
Let k be (-1980)/(-50) + (-1)/(10/6). Suppose 265 = 7*t - 2*t. Suppose t = m - k. List the prime factors of m.
2, 23
Let g(j) = -j**2 - 2*j + 3. Let u be g(1). Suppose -k - 5*y = -17, -2*y = -u*k - 2*k + 58. What are the prime factors of 518/6 + 18/k?
3, 29
Let o(w) be the first derivative of 2*w**3/3 - 3*w**2 - 15*w + 2. Let f be o(6). What are the prime factors of (-1065)/(-21) + 6/f?
3, 17
Suppose 4*q - 1 = 27. Suppose q*v - 11 = 10. What are the prime factors of 96*(-1)/(v/(-2))?
2
Suppose 9*a + 32 - 122 = 0. Suppose 12*g = -a*g + 17336. What are the prime factors of g?
2, 197
Suppose b - 5*b + 4*z - 4 = 0, 5*b - 3*z = -7. What are the prime factors of 151/(14/56 + b/(-8))?
2, 151
Let n be -2 + 502 + (-6)/(2 - 5). Suppose 5*y = m + n, 5*m = 6*m + 2*y + 495. Let s = m - -760. What are the prime factors of s?
263
Let x(j) = j**3 - j**2 - 8*j + 1197. Let y be (4 - 4)*2/(-4). List the prime factors of x(y).
3, 7, 19
Let p(n) = -8*n + 1. Let l be p(5). Let i = l + 41. Suppose -i*w = -3*o + 382 - 108, 2*o + 3*w - 187 = 0. What are the prime factors of o?
2, 23
Suppose -81 = -2*h - 99*r + 96*r, -189 = -5*h - 3*r. Let j(x) = 2*x**3 - x**2 - 2*x - 1. Let m be j(3). Suppose b - m - h = 0. List the prime factors of b.
2, 37
Let t(q) = -53*q**3 - 7*q**2 + 2*q - 99. List the prime factors of t(-7).
37, 479
Suppose -24*f = -88*f + 3096896. List the prime factors of f.
11, 53, 83
Suppose 150 = 3*p - 3*h - 27, -5*p = h - 325. Suppose 0 = 5*c + 2*t - 2235, -499 + p = -c + 2*t. List the prime factors of c/7 + (-24)/42.
3, 7
Suppose 4*w + 4*j = 15076, 4*w + 3*j + 1798 = 16874. What are the prime factors of w?
3769
Suppose -20 = 4*a - 48. Suppose -5*o + 4*s = -93, 62 = 4*o - 5*s - a. List the prime factors of o.
3, 7
Let d be (-2810)/(((-8)/(-12) - 2)/2). Suppose 0 = 4*b - 20, 8*f - 3*b = 13*f - d. List the prime factors of f.
2, 3, 5, 7
Let x(a) = -a**3 - a**2 - 8*a + 3. Suppose 6*g - g = 3*p - 51, 0 = g + p + 7. Let d be ((-4)/g)/2 + (-38)/9. List the prime factors of x(d).
83
Suppose -197*t + 73392 = -164*t. List the prime factors of t.
2, 139
Let p be (385*4)/(-4)*(-4)/5. Suppose 0 = 3*b - p - 415. What are the prime factors of b?
241
Suppose -4*m + 35 - 5 = u, 4*m - 32 = -2*u. Let g(j) = 2*j**3 - 8*j**2 + 16*j + 13. What are the prime factors of g(m)?
419
Let j(h) = -2*h - 12. Let l be -3 + 4/(-6)*(-84)/(-8). Let k be j(l). List the prime factors of (-6)/12 + 4/(k/105).
2, 13
Suppose 5*y = 2*v + 35876, -y = -77*v + 79*v - 7168. List the prime factors of y.
2, 17, 211
Suppose 10*g - 148 = 72. Suppose -9*q = -4*q + 300. Let w = g - q. What are the prime factors of w?
2, 41
Suppose 0 = -2*y + 36 - 2. Let o = 22 + y. List the prime factors of o.
3, 13
Let q = -79 - -84. Suppose -q*i + 469 = 169. What are the prime factors of i?
2, 3, 5
Let o be 0/(((-28)/8 + 3)*-2). Let j be 1/4 - o - 90/(-24). Suppose 279 = 2*c - 2*m - 45, 0 = -2*c + j*m + 322. List the prime factors of c.
163
Suppose -3*y - 13 = -2*u, 8 = 5*u - 3*y - 20. Suppose -28*k = -26*k - 3*w - 199, 484 = u*k - 3*w. What are the prime factors of k?
5, 19
Let n(v) = -50*v**3 - 16*v**2 - 64*v + 23. What are the prime factors of n(-6)?
10631
Suppose -644*f - 4*g - 20423 = -649*f, 0 = 5*g + 35. What are the prime factors of f?
4079
Let n(c) = c**3 - 10*c**2 - 13*c + 34. Let v be n(11). Suppose -1105 = -v*o + 623. List the prime factors of o.
2, 3
Let s = -13 - -12. Let u be s + 0 + -1 + 2/1. Suppose g - 71 + 19 = u. List the prime factors of g.
2, 13
Suppose -13*u - 1229 = -9*u + 5*g, -15 = -5*g. Let o = u - -1077. What are the prime factors of o?
2, 383
Let a(c) = -6*c**3 - 12*c**2 + 6*c - 15. Let n be a(-6). Suppose -16 = 4*u, 1195 = 5*j - 2*u - n. List the prime factors of j.
2, 5
Let q = 1907 + 2266. Suppose -3187 - q = -10*l. List the prime factors of l.
2, 23
What are the prime factors of (-57 - -41) + 67205/1?
67189
Let y(l) = -l**2 - 3*l - 2. Let q be y(-2). Suppose -d = 4*k - 5 - 189, k + 5 = q. What are the prime factors of d?
2, 107
List the prime factors of 2 + (-1 + 209)*(978/24 - 4).
2, 3823
Suppose 5*d = -19 + 994. Suppose 4*l + d = l. Let n = 130 + l. What are the prime factors of n?
5, 13
Suppose 2*u - 3251 = -5*z, 4*u - 6562 = 6*z - 4*z. Suppose -32*b + 38*b - u = 0. List the prime factors of b.
3, 7, 13
Suppose 32*q - 6305 + 1121 = 0. Let j(f) = 4*f**3 + 3*f**2 - f - 2. Let r be j(-3). Let b = q + r. List the prime factors of b.
2, 41
Let y(k) = 6*k - 29. Suppose -5*m - 5*t + 25 = -4*t, m - 14 = -2*t. Suppose 3*g + 35 = m*j - 2*g, 3*j - 5*g = 20. List the prime factors of y(j).
61
Suppose 37034 = -46*o + 51*o + 3*v, 3*o + 2*v = 22222. List the prime factors of o.
2, 3701
Let c be (-23)/(-4) - (-12 - (-408)/32). What are the prime factors of (-4602)/(-9) - (33/(-9) + c)?
2, 3, 5, 17
Let w be (-11)/(2*-1*3/18). Let s be -23*1 + 1*-2. Let m = s + w. What are the prime factors of m?
2
Suppose 4*i + 7*i + 55 = 0. List the prime factors of (-1434)/15*i - -1.
479
Let u(i) be the third derivative of i**5/30 - i**4/6 - 4*i**3/3 - 5*i**2. Let h be u(-5). Suppose 8 + h = o. What are the prime factors of o?
2, 5, 7
Suppose 2*c + 2*c - 23544 = 0. Suppose 3*d + 2*u + c = 0, 2*d - 5*u = -d - 5865. What are the prime factors of d/(-30)*6/4?
2, 7
Let w = 1355 - 742. Suppose -7*i + w + 115 = 0. List the prime factors of i.
2, 13
Let h(z) = 2*z**2 + 4*z - 2. Let d be h(1). Suppose 3*b = q + 4*b - 559, 3*q = -d*b + 1674. List the prime factors of q.
2, 281
Suppose -61*h + 504450 = -13*h - 18*h. What are the prime factors of h?
3, 5, 19, 59
Let c = 3922 - 3632. List the prime factors of c.
2, 5, 29
Suppose 4*f = 5*o, 12 = -29*o + 27*o + 4*f. List the prime factors of o + 257 + (-4 - (3 + -1)).
3, 5, 17
Let x(u) = -43*u - 23. Let m be x(-14). Suppose 0 = -7*h + m + 191. What are the prime factors of -2 + -2 + h/2?
3, 17
Suppose 25 = -m - 0*k + 2*k, 0 = -5*m - 3*k - 125. Let p be 981/15 - (-10)/m. What are the prime factors of (-26)/p + 1694/10?
13
Let y = 48 - 48. Suppose y = 94*u - 97*u + 90. What are the prim